-5 - -1 - (-4 - -2))
12
What is the value of (193 - 79 - (-7 + (-3 + 0 - -6))) + 10?
128
What is -2 - (16 + -12) - ((-6 - (-5 + 1)) + 25)?
-29
-1 - -1 - (-24 - (-13 - -9 - 5) - 25)
40
What is 3 + -3 + 16 + -921 + 860?
-45
Calculate -29 - -8 - (-65 + 103 + -7).
-52
Evaluate (0 - 1) + 26 + -22 + -56 - -11.
-42
Calculate (-1734 - -1703) + (2 - 3).
-32
0 + 18 + -34 + 23 + 90 + 15
112
Evaluate -1 - 3 - 9 - (491 + -481 + (-1 - 40)).
18
What is the value of -116 - ((-31 - (48 + -70)) + 26)?
-133
What is 4 - (33 + (0 - (-6 + -4)))?
-39
-110 - (-87 - 10 - -61)
-74
What is 120 - 142 - (73 - (1 + 8 - 7))?
-93
What is the value of (-16 + -11 - (-3 - -8)) + (75 - 89)?
-46
Evaluate 105 + -339 + 221 + -110.
-123
What is -7 - (3 - (4 + 15 - (12 + 0))) - -36?
33
-12 + -5 - (52 - (8 - (0 - -14)))
-75
Evaluate -53 - (-3 + (-3 - 0) + (-7 + -15 - -28)).
-53
Evaluate 2 + (1 - 13) - (-63 - -48).
5
Evaluate -19 - ((-24 - -18 - 87) + -36).
110
What is the value of (-523 - -549) + 1 + 15?
42
What is (-70 - (71 - 192)) + -55?
-4
(3 - 2 - -6) + (-44 - ((-8 - -3) + -3))
-29
Evaluate -36 - 23 - (7 + -10 + -7 - 1).
-48
Calculate (1 - 2) + (3 - -75 - 66 - (17 + 0)).
-6
What is -1 + -11 - (124 + -85 + -59)?
8
Calculate (16 - 31) + 18 + 24 + -10.
17
What is the value of 60 - (103 + -32) - 23?
-34
(-57 - -50 - (-2 - 4)) + (-7 - 1 - 50)
-59
Calculate (1098 - 1075) + (-1 - -12).
34
Calculate -3 + 20 - (-4604 + 4659).
-38
Calculate -35 + 123 + -98 - (26 - (-2 - 0) - 1).
-37
Evaluate (-28 + 48 - 13) + 23.
30
Evaluate (37 - -103 - -44) + -91.
93
Calculate (49 - (29 + -3)) + 28.
51
(-35 - -19 - (-7 + 1)) + -2 + 21 - 2
7
2 - 58 - (20 - (-11 + 34) - (8 - 3))
-48
Calculate 115 + (-2 + 0 - (11 - 18)) - (40 + -34).
114
-16 + -71 + 27 - -20
-40
-1 + (-8 - -11 - (-4 - 2))
8
What is (-52 - -72) + -10 + (-74 - 11)?
-75
Calculate (25 - 12) + (-5 - -16) + (-6 - -13).
31
Calculate (-4 - -3) + -1 + 49 + -34 + -4 - 41.
-32
1 + 1 + 19 - (-110 - (-334 - -241))
38
What is the value of 60 - ((-308 - -320) + 1 + 7)?
40
(2 - (-7 + -2)) + (68 - (60 - 3))
22
What is the value of 78 + (-85 - 17) + (-111 - 1)?
-136
-56 + (26 - -33) + -27
-24
9 + (20 + -71 - 5) + 22
-25
Calculate -31 + 34 - (7 - 8) - -15.
19
Calculate -527 + 490 + (3 - 1) + -1.
-36
What is the value of (-32 - -99) + -59 - (54 - -1)?
-47
-2 + 2 + 2 - (104 - (212 - 62))
48
(-8 - (-48 + 114)) + 1 + (-1 - -1) + 3
-70
What is the value of -38 + (6 + -2 - 2) - (-31 - (-170 - -133))?
-42
What is the value of 26 + (6434 - 6433) + (1 - (0 - -1 - 5))?
32
What is the value of -18 + (-30 + (5 - 11) - -19)?
-35
Calculate (11 + -6 - 1 - (-4 + -4)) + (9 - 26).
-5
Calculate -19 + 0 + (10 - 19 - 34) - (2 + -1).
-63
What is the value of -2 + (-2 + 11 - (-3 - -3) - 7)?
0
What is the value of 33 - (12 + 85 + -7 + 16)?
-73
Evaluate 73 + -54 + -4 + 40 + (-1 + -5 - -1).
50
Calculate -4 + (38 - (4 - 4)) + -186 + 199.
47
Evaluate (9 - (-77 + 45)) + -98.
-57
Evaluate (-1267 + 1244 - (-23 - -1)) + (-2 - 39).
-42
97 - -146 - 60 - (38 - 1)
146
What is the value of 425324 - 425272 - (6 - (1 - 2 - 1 - -1))?
45
What is the value of (7 + 1 - (-9 + (-16 - -29) - -4)) + 7?
7
-55 + -1 + -86 + 10
-132
Calculate 46 + 68 + -194 + 45.
-35
-2 - -2 - (-355 + 303 + (-11 - 0) - -13)
50
Evaluate 9 - 26 - -52 - 5.
30
Evaluate 5 + (19 - 61) + 21 - 38.
-54
Calculate 35 + (51 - 19 - 71) + (57 - 1).
52
What is -84 + (279 + -281 - (-7 + 3 + -5 + -1))?
-76
Calculate -10 - (8 + 18 - -15 - 15).
-36
(-4 + (2 - -5) - -7) + 30 + (-74 - -57)
23
Calculate -58 + 43 + (-41 - -8) + (4 - (0 + 1)).
-45
Calculate -15 + 18 - -57 - (5 - (3 + -6 + 2)).
54
What is (-7 - -1 - 16 - (11 - 22)) + -12?
-23
What is 34 - (193 - (-47 - -119))?
-87
What is 3 + 15 + (-7 - (-20 - -54)) - -153?
130
Calculate -12 + (-7 - (-77 + 13)).
45
What is 50 + -114 + 112 - -13?
61
What is the value of 40 - (-25 - (-17 - -10) - -4)?
54
What is -10 + (-203 - -207) + (47 - 2)?
39
3 + 1 + -4 + -3 - (-31 + 24 - -75)
-71
What is 8 + (18 - (-17 + 94 + 23 + -40))?
-34
What is the value of -9 - 1 - (134 + -85 + 11 + 22)?
-92
Evaluate 5 + 91 + 1 + (-37 - -48) + -23.
85
Calculate -50 + (111 - -2) - 106.
-43
What is the value of 1 - 12 - 0 - (78 - 24 - 67)?
2
Evaluate -23 + (-23 - (-61 - (-7 - 14))).
-6
Calculate -2 + 0 - -8 - (6 - (-36 + 57) - -91).
-70
Evaluate (-20 - 0 - (-23 - 19)) + 10.
32
Calculate (-15 - -8) + -13 + 14 + 12 + -32.
-26
Evaluate 4 + -21 + 7 - (17 + (-2 - -6) + -7).
-24
What is the value of -3 + -1 + -210 + 216 + (-3 - -2) + 0?
1
Calculate (43 - 4) + (74 - 96) + -63 + 1.
-45
What is -1128 + 1125 - (-7 - 0)?
4
What is the value of 11 + -7 + -85 + (-14 - -25 - 3)?
-73
What is (6 - (0 + -1)) + ((-100 - -102) + -56 - -171)?
124
-15 + 51 + -10 - (4 + -17)
39
Evaluate -14 + -3 + (-25 + 14 - -2).
-26
What is -48 - (-105 - (-41 - 11))?
5
What is (-5 - 116) + -24 + 53 - (-1 - 9)?
-82
What is (121 - ((19 - 2) + 0)) + -35?
69
What is the value of -9 - -2 - (-74 + 105 - (29 + -6))?
-15
Calculate 51 - (64 + -14) - -12 - (-1 - 4).
18
18 - 40 - -10 - (15 - 0)
-27
21 + (15 - 28) + 4
12
Calculate (19 + (37 - 47) - (35 + 1)) + 9.
-18
What is the value of (59 - 69 - (-1 + 51)) + (-12 - 2)?
-74
What is the value of 8 - (1 + -6 - (14 + 1 + -20 - -6))?
14
What is the value of -6 + 6 + -9 - (164 + -164) - (48 + 1)?
-58
Evaluate ((20 - 30) + -19 - -44) + 41.
56
What is the value of (0 - 36) + 10 + 42?
16
9451 - 9405 - (2 + 19 - -2)
23
(247 - 199) + 2 + -3 + -1
46
64 + (3 - (34 + 31))
2
Calculate 14 + 3 + (13 - 81) + 90.
39
Calculate 14 + 0 + (2 - -2) + 92 + -212.
-102
What is the value of 11 - (-3 + 6 - 11 - (-2 - (-6 + 25)))?
-2
What is the value of (10 - (0 + 1 + -1)) + (-51 + -32 - -85)?
12
What is (-21 - -1) + (-10 - (-75 - -27 - -28)) - -68?
58
Calculate -26 + (-13 - (13 + (-55 - -8) + 10)) - -20.
5
Calculate (32 - (-223 + 221 - (-10 + 1) - -5)) + -6.
14
What is the value of 76 - (62 - -72 - 14)?
-44
-125 - (-5 - ((-10 - -5) + -12 - -10 - -4))
-123
Calculate -728 - -678 - (11 - -16).
-77
(27 - 36) + 8 - (-1 + 4 + -26)
22
What is the value of 5 + (21 - (-1 + -6)) + -19?
14
4 + (-48 - (-11 + (0 + -1 - -6)))
-38
What is (16 - 31) + (-50 - -55)?
-10
Evaluate 3103 - 3169 - (-50 - 3).
-13
-7 + -21 - -25 - 35
-38
Calculate (19 - (-6 + 10)) + -16 - 43.
-44
Calculate 3 + -22 - -3 - (-1 + -3 + 0).
-12
Calculate -46 - (-135 + (-103 - -178)).
14
What is the value of 12 - (36 - 48) - (-23 + -7)?
54
Evaluate (-129 - -24 - -162) + -3.
54
What is -10 + -26 + -742 + 780?
2
What is the value of 24 + -7 - (7 + 3 + (1 - 3) + 2)?
7
Calculate 18 - ((5 - 10) + 40 + -53).
36
What is 0 + 2 - 15 - (-88 + 11 + 75)?
-11
Calculate (14 - 0) + (-12 - 155 - -33) - 3 - 7.
-130
What is the value of (-21 - -24 - 10 - -4) + (0 - -7)?
4
What is the value of -6 + (-15 - -1 - (15 - 39)) - 2?
2
What is (47 - 38 - (2 + -23)) + 2 + -7?
25
1 + (-10 + 21 - (-2 - (11 + -2 + -7)))
16
(48 + -47 + 11 - (8 - 1)) + 20
25
What is the value of (46 - 1) + (528 - 601)?
-28
Calculate -6 + (-118 - 3 - (-30 + 5 + 11) - 15).
-128
What is (-23 - 5 - -25) + 7 + 13?
17
What is 2 + 24 - (1789 - 1810)?
47
What is the value of -1 + (6 - 6) + (2 + 9 - (49 - 6))?
-33
Evaluate (39 - -150 - 224) + -84 + -1.
-120
What is the value of -2 - -15 - 2 - (100 + -9 + -44 + 37)?
-73
What is the value of (1 - 51) + (-10 + -11 - (-6 - 4)) + 23?
-38
71 + (-27 - 36) + (4 - (-53 + 2))
63
Calculate -43 - (-24 - -28 - 52).
5
Evaluate (-15 - (-20 + 1 + (603 - 592))) + 142.
135
What is the value of 202 + 0 - (28322 - 28254)?
134
What is (24 - ((-12 - 21) + 57)) + 41 + 2 + -2?
41
Evaluate (-20 - (-30 + 12 + 3)) + (5 - -3 - 66).
-63
What is -84 + (4 + -2 - -5 - (-24 - -56 - 32))?
-77
Evaluate 11 - ((99 - (4 + -3)) + (12 - 10)).
-89
What is 17 - (-2 - (2 - 31 - (-152 - -137))) - -82?
87
What is the value of (6 - 8 - 63) + 2 - (-8 - -12 - 13)?
-54
What is the value of -6 - -19 - (-12 + 41 + 5 + -12)?
-9
100 + -95 + 15 + -4 - -19
35
What is the value of (4 - 1) + (38 - -25 - 10 - 21)?
35
What is the value of -1 + 6 + 1321 + -1319 + 91 + -9?
89
-1 + 5 + 19 + -59 + (-15 + 18 - -4)
-29
Evaluate -11 - (8 + -7 + -43).
31
Evaluate -184 - (60 + -70) - -93.
-81
Evaluate 40 - (2 + -34 + 76).
-4
What is -2 - (21 + -28) - (-31 - -6)?
30
Evaluate 4 - (-1 - -14 - (-1 - (-54 + 6)) - -8).
30
34 + -7 + (-20 - 15)
-8
What is (-13 - (71 - 28)) 